- (4 + -11) - 4) + -8 - (-25 - 0).
16
Evaluate -29 + 84 + -93 - -6.
-32
Calculate 15 - (-46 + 98) - -51.
14
-25 + (86 - (24 - (33 - -19)))
89
What is -38 + 50 + (30 + (2 - (1 - 2)) - 5)?
40
Evaluate -7 + (11 + -105 + 50 - (2 + 0 + 1)).
-54
What is 24 + (2 + -2 - (-11 - 12)) + -10?
37
Calculate 9 + -2 + 3 + -5 + (-232 - -210).
-17
Calculate (-18 - -107) + -72 - -26.
43
What is the value of -593 - -560 - (-3 + 100)?
-130
What is 2 + (-100 + 109 - (26 - 0)) - 0?
-15
What is (2739 - 2818) + 12 + -1 + 0?
-68
Calculate (-96 - -50) + 70 - 57.
-33
Evaluate 21 + (4 - 11) + (25 - (-9 + 9 + -11)).
50
Evaluate (2 + -3 - -5) + (-35 - (-72 - -27)).
14
What is the value of -167 - -234 - (-3 - -53)?
17
Calculate (-106 - -54) + 152 - 45.
55
-2 + (-3 - -14) - (3 + -36 + -22)
64
Evaluate (-260 - -248) + -3 + 51.
36
(4 - 1) + (10 - 16 - -18) - (1 + 1)
13
60 + 42 + -22 + -11 + -6
63
Calculate (-11 - -110) + -541 + 323.
-119
What is the value of (23 - -2) + (-67 - (22 + -68))?
4
Calculate -21 - ((-46 - -44) + -29).
10
Calculate 12 - (43 + 30 + (10 - 31)).
-40
Calculate -45 + 26 - -23 - (-9 - 0 - (22 + 52)).
87
(3 - 33 - -24) + (-5 + 1 - -6)
-4
2 + 1 + (1 - -16 - (69 + -63)) + 51
65
-26 + 52 + (-13 - 5)
8
What is -98 + (86 - (12 + 35)) + -15?
-74
Evaluate 21 + -53 + (148 - 179).
-63
What is -12 - (19 - ((1 - 11) + -17 + 16))?
-42
What is -2 - (-1 + 2) - ((-2 - (-50 - -4)) + 0)?
-47
What is 4 + (-100 - (1 + -4)) - (13 + 39 + -58)?
-87
What is -6 - (-6 - 5) - (-159 + 123)?
41
What is -3 - -1 - (-37 - (-8 + -25) - 11)?
13
What is (89 - (-4 + 0)) + 12 - 12 - 10?
83
What is the value of -1 - ((-80 + 77 - (0 - 23)) + (-1 - -7))?
-27
21 + (48 + -36 - 59)
-26
Evaluate (8 - -6 - (-8 - (8 + -23))) + (0 - -13).
20
What is (61 - 122) + 60 + 37 + (0 - -4 - 2)?
38
What is (3 + -43 + 20 - -34) + -100?
-86
Calculate 32 + -2 - ((72 - 353) + 191).
120
117 - (-39 + 9) - 25
122
What is the value of 13 + 27 + 12 - 79?
-27
Evaluate (3 - 28) + (-232 + 154 - 20).
-123
What is 18 - ((32 - 142) + 34)?
94
Calculate -33 + 37 + -32 + 23 - -1.
-4
What is -1615 - -1568 - (1 - 68)?
20
92 + (-63 - 32) + (-1 - 0) + 9
5
What is (-7 - (10 - 0)) + -9 - (8 + 6 - 6)?
-34
What is -55 + (18 + -30 - (11 + -21))?
-57
What is (37 - (-2 - (-9 - -6))) + (-48 - -34)?
22
What is the value of 1 + -1 + 13 - (-31 + -36 - -69)?
11
Evaluate (22 - 0) + (123 - 164 - -28) + 18.
27
What is the value of 0 + 3 + 28 + -61 + (2 - -1)?
-27
What is the value of (-4 + (-3 - 62) - -8) + -2 - 10?
-73
Calculate -3 - (-5 - -6 - -2 - (54 + (-1 - -10))).
57
-41 + 23 - -47 - (0 - (-4 - -2))
27
What is the value of 2 + -41 - (65 + 21 - 89)?
-36
What is the value of 121 + (-98 - (-26 - 1))?
50
Calculate 5 + (44 + -18 - 39).
-8
What is -2 + 16 + (9 - -20) + 91 + -27 + 4?
111
Evaluate (-24 - -66) + -50 - (-45 + -1 + 2).
36
What is -165 + -17 + -29 + 132?
-79
Calculate 105 + (-21 - 0) + (-6 - (3 + 8)).
67
351 + -330 - (-60 - (-1 + -1))
79
Evaluate -14 - (-9 - -28 - 16).
-17
Calculate -51 + (144 - (26 - -76)).
-9
What is 77 + (-14 - (9 + 1 + -17)) + -2 + 0?
68
What is (2 - -111) + -118 - ((-9 - -13) + (0 - -4))?
-13
What is the value of -32 - (18 + (-9 - 10 - -23))?
-54
Evaluate 352 - 398 - (28 - 30 - (2 - (2 - 3))).
-41
What is -4 - (25 + 33 + -110)?
48
28 + (-36 - (-17 + -3)) + -46
-34
Evaluate -20 + 22 + -24 - (3 + -9 + (-1 - -8)).
-23
-22 - (-5 + -44 - -42)
-15
What is (6 + 24 - -3) + 6 + 39 + -36?
42
What is -18 - (36 - (37 + 25 + -8))?
0
(34 - -40) + (158 - 168) + 0 + -8
56
Calculate -68 - ((-90 - 38) + 60).
0
What is 3 - 3 - (0 + 11 + -7) - (-2 - -36)?
-38
(44 - (-57 - -89)) + 89
101
Calculate (-13 - (-8 + (-2 + (5 - 1) - -2))) + 77.
68
Calculate -5464 + 5619 + -88 + 0.
67
Evaluate (8 - 18 - 0) + 6 + 0 - -9 - 37.
-32
What is the value of (8 - (15 + -4)) + 17 + -9 + (-6 - 68)?
-69
Evaluate -45 - -4 - (63 - (-53 + 127)).
-30
What is the value of 77 - (51 + -34 + 66)?
-6
What is the value of 47 + -1 + (-1 + -7 - (263 - 257))?
32
What is the value of (-18 - (-21 - 24)) + -2 + 1 + -11?
15
(-8 - (-6 + (-7 - -7) - (-16 - -55))) + 10
47
What is the value of -61 + 49 + 15 + (-23 - (2 + 0))?
-22
Calculate 24 + -3 + 10 + 0.
31
What is the value of 81 + 2 + 41 + -92?
32
What is the value of -7 + 77 - (-29 + 71)?
28
Evaluate 1153 - 1110 - (2 - (3 + 3)).
47
What is the value of (1 - -12) + -135 + 109 + -59?
-72
-44 - ((4 - (9 + -1)) + -5 - 1)
-34
What is the value of -58 - (22 + -34 - -28) - 40?
-114
48 - (117 - (-96 - -141))
-24
Calculate 2 + 4 - -1 - (-13 - (-8 + 2)).
14
What is 86 + 8 - (-108 + 88)?
114
What is 481 + -471 + -3 + 5 + 3 + -15?
0
-1 + -17 - (-9 + -6 - 45)
42
Calculate -47 - ((13 - 19) + (11 - 1) + -6 - 1).
-44
Calculate (81 + -72 - (-1 - -12)) + (3 + 0 - -22).
23
What is the value of 13 - (2 - (-28 + 91) - (-12 - 0))?
62
What is the value of -7087 + 7061 - (1 - (9 - (1 - 3 - -4)))?
-20
9 + -6 + -50 + -1 + 0
-48
Evaluate -20 + (-29 - -13 - 11) + 33.
-14
Evaluate (-4 + (8 + -3 - 11) - -14) + -9 + -50.
-55
Evaluate 25 + (39 - 92) + (5 - -55).
32
-14 - (-14 - -72) - ((11 - 11 - -1) + -11)
-62
What is the value of -63 + 64 - 16 - (27 + -2)?
-40
(22 + -21 + 16 + -2 - -7) + 2
24
-69 - (-111 - (-17 + -54))
-29
What is the value of -3174 + 3189 + (1 - (0 + 11))?
5
Evaluate 101 - 57 - 52 - -52.
44
Evaluate (-10 - -34) + -2 - -35.
57
What is the value of 81 + (-74 - (45 + -56))?
18
Evaluate -11 - (-16 + 23 + -18 + 8).
-8
What is the value of (-84 - (-381 - -126)) + -111?
60
Evaluate -15 - ((-9 - -5) + 0) - (-37 - 2 - 25).
53
Evaluate (-20 - -12 - -13) + 10 + -21.
-6
Evaluate -38 - (0 + -8 + -28).
-2
What is -3 - ((0 - 18) + 11 + (-3 - 44))?
51
Calculate -15 + -25 - (-12 + 18 - (1 + 0)) - 9.
-54
What is the value of -25 + (5 - 18) + 31 - 33?
-40
What is the value of (-18 - (-6 + 0)) + (40 - (-20 - -10))?
38
What is the value of 82 - (-7 + -27 + 41 + 2 + -2)?
75
Evaluate -23 + 12 + (-17 - -140).
112
What is (-20 - (19 + -29)) + 4 + 1?
-5
What is -70 + -6 - -266 - 126?
64
Evaluate (32 - 255 - -346) + (2 - 21) + -2.
102
What is the value of 51 + 2 + (-9 - (-14 - 6) - 8)?
56
Calculate -26 + 8 + (-10 - (7 - 11)) + 11.
-13
Evaluate (-1 - 9) + (-59 + -13 - -124).
42
What is (17 - (17 + -12) - 22) + -6 + -90?
-106
What is -893 + 913 - (1 - -1)?
18
Evaluate -1 - 29 - (6319 + -6376).
27
What is the value of -34 - (-27 - 0 - -14) - 5 - -13?
-13
What is (0 - (2 + -3) - (-2877 - -2884)) + 1 + -77?
-82
What is -4 + -6 + 6 + -2 + -40 - -9?
-37
Calculate -10 + -2 + (8 - (87 + -33 + 36)).
-94
Calculate 0 + 5 - (641 + -686).
50
What is the value of (-29 + 15 - 20) + 8 + 46?
20
Calculate -28 - ((-24 - -1) + 25 + 6).
-36
(-1018 - -944) + -3 + 85
8
What is the value of 42 - (11 - (57 + -111))?
-23
What is the value of 64 - 39 - (-4 + 8 + -12)?
33
Calculate 78 + -14 + -2 + -30 - 19.
13
What is the value of 42 + 7 + (-80 - -65 - (2 + 1))?
31
What is (30 - (-1 - (-35 - -15)) - 15) + 55 + 0?
51
(-118 - -124) + (-2 - (1 + -30)) - (-43 + 32)
44
Evaluate 186 + -64 + -107 + 1 + (34 - -1).
51
-17 + (-90 - -52) + 22
-33
Calculate (34 - (63 + -17)) + 52.
40
What is -1 + 41 - -230 - 144?
126
What is (-28 + (-9 - -24) - (-2 - 2)) + (107 - -1)?
99
Evaluate -2 - 51 - (-30 - (-218 + 190)).
-51
What is the value of 16 - ((-134 + 145 - (-3 - -6)) + 11)?
-3
What is the value of -1 + -1 + (-4 - 0) - (689 + -647) - 7?
-55
What is 3 - (2 - ((-6 - -18) + (-26 - -19)))?
6
What is the value of -14 + 12 + -7 + 11 + 21?
23
Evaluate 50 - (17 - (62 - 61)).
34
Evaluate (-4 + 1 + (-2 - -17) - 73) + 2.
-59
What is the value of (-95 - (-4 + -17)) + 9?
-65
What is the value of (14 - -2) + (98 - (-37 - -122)) + (0 - 26)?
3
Evaluate 49 + 7 + -64 + 36.
28
216 + -282 - (3 - 29)
-40
What is -1 + -96 - (-4748 + 4639)?
12
Calculate (7 - (-47 - -48)) + 33.
39
What is 0 + 1 - (-30 + (7 - (13 - -6)) - 8)?
51
What is the value of 1 - (31 + 1) - (-8 - (28 + 4 + -32))?
-23
49 - ((-8 - -19) + -1) - -30
69
Calculate (-51 - 1 - (37 - 40)) + 10 + -9 + 6.
-42
34 + (-5 + 8 + 11 - (-15 - -18) - 3)
42
What is the value of (-5 - (-3 + -2 + 2) - -4 - 6) + -15?
-19
What is -48 + (-1 - ((-11 - -8 - -2) + -8))?
-40
-45 + 10 + -41 + 85
9
What is the value of -11 - ((-8 - 8) + -5) - 19 - (-37 + -2)?
30
Calculate -84 - -1 - (42 + (-14 - 54 - -40)).
-97
What is the value of (18 - 0 - (496 + -495)) + (2 - 4)?
15
What is th